{"id":645,"date":"2016-01-21T21:05:12","date_gmt":"2016-01-21T21:05:12","guid":{"rendered":"http:\/\/effetpapillonrennes.fr\/?page_id=645"},"modified":"2016-01-21T21:05:12","modified_gmt":"2016-01-21T21:05:12","slug":"les-circuits","status":"publish","type":"page","link":"https:\/\/effetpapillonrennes.fr\/?page_id=645","title":{"rendered":"Les circuits"},"content":{"rendered":"<p><em>On part de 2 principes<\/em>\u00a0:<\/p>\n<ul>\n<li>Le cerveau est comme un ordinateur \u2026Il contient m\u00e9moire et nombreux programmes\u2026<\/li>\n<li>La pens\u00e9e, l\u2019\u00e9motion est comme l\u2019\u00e9nergie. Une personne en col\u00e8re n\u2019a pas besoin de nous le dire pour qu\u2019on ressente que cette personne est en col\u00e8re. Cette col\u00e8re irradie de la personne et circule dans l\u2019air comme n\u2019importe quelle \u00e9nergie.<\/li>\n<\/ul>\n<p>Notre cerveau comme tout ordinateur a besoin d\u2019\u00e9nergie pour fonctionner. Les \u00e9nergies qui l\u2019alimentent sont en tr\u00e8s grande partie produites par nos pens\u00e9es, nos \u00e9motions. Quand nous sommes en col\u00e8re, stress\u00e9, angoiss\u00e9, hyper\u00e9motif\u2026il nous est difficile de pouvoir nous concentrer, de faire marcher notre m\u00e9moire, de porter notre attention\u2026 bref d\u2019\u00eatre en pleine possession de nos moyens. Nous avons du mal \u00e0 faire fonctionner notre cerveau qui n\u2019est \u00ab\u00a0pas branch\u00e9 sur le bon voltage\u00a0\u00bb\u2026 il y a donc lieu de le r\u00e9\u00e9quilibrer, de r\u00e9 harmoniser les \u00e9nergies qui alimentent notre cerveau afin que nous puissions retrouver tous nos moyens\u00a0.Les 22 CIRCUITS dont nous disposons vont nous permettre ce travail.<\/p>\n<p>Chaque circuit est constitu\u00e9 de 5 points \u00e0 stimuler successivement par une pression digitale, ferme mais non douloureuse.<\/p>\n<p>Chaque circuit est \u00e0 r\u00e9aliser 3 fois. La premi\u00e8re fois permet de rep\u00e9rer, la deuxi\u00e8me fois de \u00ab\u00a0lancer l\u2019\u00e9nergie\u00a0\u00bb et la troisi\u00e8me fois de \u00ab\u00a0corticaliser\u00a0\u00bb le circuit.<\/p>\n","protected":false},"excerpt":{"rendered":"<p>On part de 2 principes\u00a0: Le cerveau est comme un ordinateur \u2026Il contient m\u00e9moire et nombreux programmes\u2026 La pens\u00e9e, l\u2019\u00e9motion est comme l\u2019\u00e9nergie. Une personne en col\u00e8re n\u2019a pas besoin de nous le dire pour qu\u2019on ressente que cette personne est en col\u00e8re. Cette col\u00e8re irradie de la personne et circule dans l\u2019air comme n\u2019importe [&hellip;]<\/p>\n","protected":false},"author":1,"featured_media":0,"parent":631,"menu_order":2,"comment_status":"closed","ping_status":"closed","template":"","meta":{"footnotes":""},"class_list":["post-645","page","type-page","status-publish","hentry"],"_links":{"self":[{"href":"https:\/\/effetpapillonrennes.fr\/index.php?rest_route=\/wp\/v2\/pages\/645"}],"collection":[{"href":"https:\/\/effetpapillonrennes.fr\/index.php?rest_route=\/wp\/v2\/pages"}],"about":[{"href":"https:\/\/effetpapillonrennes.fr\/index.php?rest_route=\/wp\/v2\/types\/page"}],"author":[{"embeddable":true,"href":"https:\/\/effetpapillonrennes.fr\/index.php?rest_route=\/wp\/v2\/users\/1"}],"replies":[{"embeddable":true,"href":"https:\/\/effetpapillonrennes.fr\/index.php?rest_route=%2Fwp%2Fv2%2Fcomments&post=645"}],"version-history":[{"count":1,"href":"https:\/\/effetpapillonrennes.fr\/index.php?rest_route=\/wp\/v2\/pages\/645\/revisions"}],"predecessor-version":[{"id":646,"href":"https:\/\/effetpapillonrennes.fr\/index.php?rest_route=\/wp\/v2\/pages\/645\/revisions\/646"}],"up":[{"embeddable":true,"href":"https:\/\/effetpapillonrennes.fr\/index.php?rest_route=\/wp\/v2\/pages\/631"}],"wp:attachment":[{"href":"https:\/\/effetpapillonrennes.fr\/index.php?rest_route=%2Fwp%2Fv2%2Fmedia&parent=645"}],"curies":[{"name":"wp","href":"https:\/\/api.w.org\/{rel}","templated":true}]}}