{"id":631,"date":"2016-01-21T20:54:01","date_gmt":"2016-01-21T20:54:01","guid":{"rendered":"http:\/\/effetpapillonrennes.fr\/?page_id=631"},"modified":"2016-01-21T21:02:20","modified_gmt":"2016-01-21T21:02:20","slug":"lacupression-a-5-points","status":"publish","type":"page","link":"https:\/\/effetpapillonrennes.fr\/?page_id=631","title":{"rendered":"L&rsquo;acupression \u00e0 5 points"},"content":{"rendered":"<p>&nbsp;<\/p>\n<p>L\u2019acupression \u00e0 5 points permet de r\u00e9\u00e9quilibrer, de r\u00e9 harmoniser les \u00e9nergies sur le plan \u00e9motionnel. Elle permet de traiter toute perturbation \u00e9motionnelle ponctuelle telle que le trac, le stress, un \u00e9tat de d\u00e9tresse, un deuil etc\u00a0\u2026, d\u2019att\u00e9nuer l\u2019impact \u00e9motionnel qui entre en compte dans de nombreuses maladies psychosomatiques. La pratique de ces circuits et la mise en place de protocole permettra \u00e0 toute personne b\u00e9n\u00e9ficiant de ce traitement, de retrouver SON \u00e9nergie et de reprendre la main pour faire face \u00e0 la situation.<\/p>\n","protected":false},"excerpt":{"rendered":"<p>&nbsp; L\u2019acupression \u00e0 5 points permet de r\u00e9\u00e9quilibrer, de r\u00e9 harmoniser les \u00e9nergies sur le plan \u00e9motionnel. Elle permet de traiter toute perturbation \u00e9motionnelle ponctuelle telle que le trac, le stress, un \u00e9tat de d\u00e9tresse, un deuil etc\u00a0\u2026, d\u2019att\u00e9nuer l\u2019impact \u00e9motionnel qui entre en compte dans de nombreuses maladies psychosomatiques. La pratique de ces circuits [&hellip;]<\/p>\n","protected":false},"author":1,"featured_media":0,"parent":0,"menu_order":4,"comment_status":"closed","ping_status":"closed","template":"","meta":{"footnotes":""},"class_list":["post-631","page","type-page","status-publish","hentry"],"_links":{"self":[{"href":"https:\/\/effetpapillonrennes.fr\/index.php?rest_route=\/wp\/v2\/pages\/631"}],"collection":[{"href":"https:\/\/effetpapillonrennes.fr\/index.php?rest_route=\/wp\/v2\/pages"}],"about":[{"href":"https:\/\/effetpapillonrennes.fr\/index.php?rest_route=\/wp\/v2\/types\/page"}],"author":[{"embeddable":true,"href":"https:\/\/effetpapillonrennes.fr\/index.php?rest_route=\/wp\/v2\/users\/1"}],"replies":[{"embeddable":true,"href":"https:\/\/effetpapillonrennes.fr\/index.php?rest_route=%2Fwp%2Fv2%2Fcomments&post=631"}],"version-history":[{"count":4,"href":"https:\/\/effetpapillonrennes.fr\/index.php?rest_route=\/wp\/v2\/pages\/631\/revisions"}],"predecessor-version":[{"id":640,"href":"https:\/\/effetpapillonrennes.fr\/index.php?rest_route=\/wp\/v2\/pages\/631\/revisions\/640"}],"wp:attachment":[{"href":"https:\/\/effetpapillonrennes.fr\/index.php?rest_route=%2Fwp%2Fv2%2Fmedia&parent=631"}],"curies":[{"name":"wp","href":"https:\/\/api.w.org\/{rel}","templated":true}]}}