{"id":54,"date":"2015-03-24T19:24:40","date_gmt":"2015-03-24T19:24:40","guid":{"rendered":"http:\/\/effetpapillonrennes.fr\/?page_id=54"},"modified":"2022-11-07T21:10:08","modified_gmt":"2022-11-07T21:10:08","slug":"contact","status":"publish","type":"page","link":"https:\/\/effetpapillonrennes.fr\/?page_id=54","title":{"rendered":"Contact"},"content":{"rendered":"<p><strong><em><a href=\"http:\/\/effetpapillonrennes.fr\/wp-content\/uploads\/2015\/10\/IMG_5492-e1444632544650.jpg\"><img loading=\"lazy\" decoding=\"async\" class=\"size-medium wp-image-427 alignright\" src=\"http:\/\/effetpapillonrennes.fr\/wp-content\/uploads\/2015\/10\/IMG_5492-e1444632544650-225x300.jpg\" alt=\"IMG_5492\" width=\"225\" height=\"300\" srcset=\"https:\/\/effetpapillonrennes.fr\/wp-content\/uploads\/2015\/10\/IMG_5492-e1444632544650-225x300.jpg 225w, https:\/\/effetpapillonrennes.fr\/wp-content\/uploads\/2015\/10\/IMG_5492-e1444632544650-624x832.jpg 624w, https:\/\/effetpapillonrennes.fr\/wp-content\/uploads\/2015\/10\/IMG_5492-e1444632544650.jpg 960w\" sizes=\"(max-width: 225px) 100vw, 225px\" \/><\/a>Adresse du Cabinet<\/em>\u00a0:<\/strong><\/p>\n<p>5 rue de la martini\u00e8re 35135 CHANTEPIE<\/p>\n<p><strong><em>T\u00e9l\u00e9phone<\/em>\u00a0:<\/strong> \u00a006 21 61 14 75<\/p>\n<p><strong><em>Email<\/em>:<\/strong> \u00a0\u00a0<a href=\"mailto:ma.georgeault@sfr.fr\">contact@effetpapillonrennes.fr<\/a><\/p>\n<p>Le cabinet est ouvert sur rendez-vous<\/p>\n<p><em><strong>Horaires<\/strong><\/em><\/p>\n<table>\n<tbody>\n<tr>\n<td width=\"20\">Lundi<\/td>\n<td width=\"30\">8h30 \u2013 18h30<\/td>\n<\/tr>\n<tr>\n<td width=\"20\">Mardi<\/td>\n<td width=\"30\">8h30 \u2013 18h30<\/td>\n<\/tr>\n<tr>\n<td width=\"20\">Mercredi<\/td>\n<td width=\"30\">8h30 \u2013 18h30<\/td>\n<\/tr>\n<tr>\n<td width=\"20\">Jeudi<\/td>\n<td width=\"30\">8h30 \u2013 18h30<\/td>\n<\/tr>\n<tr>\n<td width=\"20\">Vendredi<\/td>\n<td width=\"30\">8h30 \u2013 12H<\/td>\n<\/tr>\n<\/tbody>\n<\/table>\n<p>&nbsp;<\/p>\n<p>&nbsp;<\/p>\n","protected":false},"excerpt":{"rendered":"<p>Adresse du Cabinet\u00a0: 5 rue de la martini\u00e8re 35135 CHANTEPIE T\u00e9l\u00e9phone\u00a0: \u00a006 21 61 14 75 Email: \u00a0\u00a0contact@effetpapillonrennes.fr Le cabinet est ouvert sur rendez-vous Horaires Lundi 8h30 \u2013 18h30 Mardi 8h30 \u2013 18h30 Mercredi 8h30 \u2013 18h30 Jeudi 8h30 \u2013 18h30 Vendredi 8h30 \u2013 12H &nbsp; &nbsp;<\/p>\n","protected":false},"author":1,"featured_media":0,"parent":0,"menu_order":7,"comment_status":"closed","ping_status":"closed","template":"","meta":{"footnotes":""},"class_list":["post-54","page","type-page","status-publish","hentry"],"_links":{"self":[{"href":"https:\/\/effetpapillonrennes.fr\/index.php?rest_route=\/wp\/v2\/pages\/54"}],"collection":[{"href":"https:\/\/effetpapillonrennes.fr\/index.php?rest_route=\/wp\/v2\/pages"}],"about":[{"href":"https:\/\/effetpapillonrennes.fr\/index.php?rest_route=\/wp\/v2\/types\/page"}],"author":[{"embeddable":true,"href":"https:\/\/effetpapillonrennes.fr\/index.php?rest_route=\/wp\/v2\/users\/1"}],"replies":[{"embeddable":true,"href":"https:\/\/effetpapillonrennes.fr\/index.php?rest_route=%2Fwp%2Fv2%2Fcomments&post=54"}],"version-history":[{"count":16,"href":"https:\/\/effetpapillonrennes.fr\/index.php?rest_route=\/wp\/v2\/pages\/54\/revisions"}],"predecessor-version":[{"id":692,"href":"https:\/\/effetpapillonrennes.fr\/index.php?rest_route=\/wp\/v2\/pages\/54\/revisions\/692"}],"wp:attachment":[{"href":"https:\/\/effetpapillonrennes.fr\/index.php?rest_route=%2Fwp%2Fv2%2Fmedia&parent=54"}],"curies":[{"name":"wp","href":"https:\/\/api.w.org\/{rel}","templated":true}]}}