{"id":24,"date":"2015-03-24T19:02:50","date_gmt":"2015-03-24T19:02:50","guid":{"rendered":"http:\/\/effetpapillonrennes.fr\/?page_id=24"},"modified":"2015-10-11T21:13:48","modified_gmt":"2015-10-11T21:13:48","slug":"histoire","status":"publish","type":"page","link":"https:\/\/effetpapillonrennes.fr\/?page_id=24","title":{"rendered":"Histoire"},"content":{"rendered":"<p><strong><em>LA REFLEXOLOGIE PLANTAIRE POUR PARTIR DU BON PIED<\/em><\/strong><\/p>\n<p><img loading=\"lazy\" decoding=\"async\" class=\"size-medium wp-image-459 alignright\" src=\"http:\/\/effetpapillonrennes.fr\/wp-content\/uploads\/2015\/10\/reflexologie_pied-300x201.jpg\" alt=\"reflexologie_pied\" width=\"300\" height=\"201\" srcset=\"https:\/\/effetpapillonrennes.fr\/wp-content\/uploads\/2015\/10\/reflexologie_pied-300x201.jpg 300w, https:\/\/effetpapillonrennes.fr\/wp-content\/uploads\/2015\/10\/reflexologie_pied-624x418.jpg 624w, https:\/\/effetpapillonrennes.fr\/wp-content\/uploads\/2015\/10\/reflexologie_pied.jpg 641w\" sizes=\"(max-width: 300px) 100vw, 300px\" \/><\/p>\n<p>La r\u00e9flexologie plantaire revendique 5000 ans d\u2019existence et trouve ses origines au c\u0153ur des anciennes civilisations d\u2019Inde de Chine et d\u2019Egypte. En effet, nous retrouvons certains hi\u00e9roglyphes \u00e9voquant cette pratique sur le tombeau d\u2019Ankhmahor \u00e0 Saqqara (tombeau dit des m\u00e9decins) datant de plus de 2330 ans avant notre \u00e8re. En Chine, l\u2019id\u00e9ogramme \u00ab\u00a0pied\u00a0\u00bb signifie litt\u00e9ralement \u00ab\u00a0partie du corps qui sauvegarde la sant\u00e9\u00a0\u00bb. La r\u00e9flexologie chinoise est dite \u00ab\u00a0\u00e9nerg\u00e9tique\u00a0\u00bb. Notre mythologie et nos traditions montrent l\u2019importance du pied \u00e0 travers les \u00e2ges. On se souvient du talon d\u2019Achille, de J\u00e9sus-Christ lavant les pieds des ap\u00f4tres, des musulmans retirant leurs chaussures avant d\u2019entrer dans un lieu de culte\u2026 Nous pouvons \u00e9galement prendre la mesure de l\u2019importance du \u00ab\u00a0pied\u00a0\u00bb \u00e0 travers des expressions courantes telles que\u00a0: \u00eatre sur le pied de guerre, prendre \u00e0 contre-pied, se remettre sur pied, perdre pied, prendre son pied, \u00eatre au pied du mur, mettre le pied \u00e0 l\u2019\u00e9trier\u2026<\/p>\n<p>Plus proche de nous, au d\u00e9but du si\u00e8cle dernier, en 1902, le docteur Fitzgerald attach\u00e9 \u00e0 l\u2019h\u00f4pital de Boston mit en relief la th\u00e9orie des Zones. Puis vers 1930, Eunice Ingham, physioth\u00e9rapeute am\u00e9ricaine, \u00e9largit ensuite l\u2019investigation pour donner naissance \u00e0 la r\u00e9flexologie moderne en \u00e9tablissant une cartographie pr\u00e9cise des zones du pied, sous forme de \u00ab\u00a0zones r\u00e9flexes\u00a0\u00bb en rapport avec les diff\u00e9rents organes du corps. Elle publia son premier livre en 1938.<\/p>\n<p>Dwight Byers, son neveu, prit sa rel\u00e8ve et cr\u00e9a l\u2019Institut International de la R\u00e9flexologie.<\/p>\n<p>&nbsp;<\/p>\n<p>Une science\u00a0\u2026 UN ART\u2026. une philosophie\u00a0\u2026\u2026\u2026<\/p>\n","protected":false},"excerpt":{"rendered":"<p>LA REFLEXOLOGIE PLANTAIRE POUR PARTIR DU BON PIED La r\u00e9flexologie plantaire revendique 5000 ans d\u2019existence et trouve ses origines au c\u0153ur des anciennes civilisations d\u2019Inde de Chine et d\u2019Egypte. En effet, nous retrouvons certains hi\u00e9roglyphes \u00e9voquant cette pratique sur le tombeau d\u2019Ankhmahor \u00e0 Saqqara (tombeau dit des m\u00e9decins) datant de plus de 2330 ans avant [&hellip;]<\/p>\n","protected":false},"author":1,"featured_media":0,"parent":6,"menu_order":5,"comment_status":"closed","ping_status":"closed","template":"","meta":{"footnotes":""},"class_list":["post-24","page","type-page","status-publish","hentry"],"_links":{"self":[{"href":"https:\/\/effetpapillonrennes.fr\/index.php?rest_route=\/wp\/v2\/pages\/24"}],"collection":[{"href":"https:\/\/effetpapillonrennes.fr\/index.php?rest_route=\/wp\/v2\/pages"}],"about":[{"href":"https:\/\/effetpapillonrennes.fr\/index.php?rest_route=\/wp\/v2\/types\/page"}],"author":[{"embeddable":true,"href":"https:\/\/effetpapillonrennes.fr\/index.php?rest_route=\/wp\/v2\/users\/1"}],"replies":[{"embeddable":true,"href":"https:\/\/effetpapillonrennes.fr\/index.php?rest_route=%2Fwp%2Fv2%2Fcomments&post=24"}],"version-history":[{"count":3,"href":"https:\/\/effetpapillonrennes.fr\/index.php?rest_route=\/wp\/v2\/pages\/24\/revisions"}],"predecessor-version":[{"id":472,"href":"https:\/\/effetpapillonrennes.fr\/index.php?rest_route=\/wp\/v2\/pages\/24\/revisions\/472"}],"up":[{"embeddable":true,"href":"https:\/\/effetpapillonrennes.fr\/index.php?rest_route=\/wp\/v2\/pages\/6"}],"wp:attachment":[{"href":"https:\/\/effetpapillonrennes.fr\/index.php?rest_route=%2Fwp%2Fv2%2Fmedia&parent=24"}],"curies":[{"name":"wp","href":"https:\/\/api.w.org\/{rel}","templated":true}]}}