{"id":15,"date":"2015-03-24T18:57:33","date_gmt":"2015-03-24T18:57:33","guid":{"rendered":"http:\/\/effetpapillonrennes.fr\/?page_id=15"},"modified":"2015-10-11T21:09:56","modified_gmt":"2015-10-11T21:09:56","slug":"pour-qui","status":"publish","type":"page","link":"https:\/\/effetpapillonrennes.fr\/?page_id=15","title":{"rendered":"Pour qui?"},"content":{"rendered":"<p>&nbsp;<\/p>\n<p><img loading=\"lazy\" decoding=\"async\" class=\"size-medium wp-image-454 alignright\" src=\"http:\/\/effetpapillonrennes.fr\/wp-content\/uploads\/2015\/10\/ob_85ac86_photoscailloux-300x188.jpg\" alt=\"ob_85ac86_photoscailloux\" width=\"300\" height=\"188\" srcset=\"https:\/\/effetpapillonrennes.fr\/wp-content\/uploads\/2015\/10\/ob_85ac86_photoscailloux-300x188.jpg 300w, https:\/\/effetpapillonrennes.fr\/wp-content\/uploads\/2015\/10\/ob_85ac86_photoscailloux-624x391.jpg 624w, https:\/\/effetpapillonrennes.fr\/wp-content\/uploads\/2015\/10\/ob_85ac86_photoscailloux.jpg 1024w\" sizes=\"(max-width: 300px) 100vw, 300px\" \/>La r\u00e9flexologie s\u2019adresse \u00e0 toutes les personnes de tous les \u00e2ges. Pour les enfants, ils doivent \u00eatre accompagn\u00e9s d\u2019un des parents. Le travail est effectu\u00e9 avec le plus grand respect de la personne et la plus grande confidentialit\u00e9.<\/p>\n<p>La s\u00e9ance sera adapt\u00e9e \u00e0 chaque personne en fonction de vos besoins. On prendra en compte votre \u00e9tat de sant\u00e9, ou certaines pathologies lors de l\u2019interrogatoire pr\u00e9liminaire au soin.<\/p>\n<p>Mais la r\u00e9flexologie n\u2019est pas un acte m\u00e9dical, elle ne propose ni traitement m\u00e9dical, ni diagnostic. Cette technique est un tr\u00e8s bon compl\u00e9ment \u00e0 la m\u00e9decine allopathique, elle ne peut en en aucun cas s\u2019y substituer, elle vient en compl\u00e9ment c\u2019est un moyen de pr\u00e9server notre sant\u00e9 au quotidien.<\/p>\n<p>ATTENTION \/ (phl\u00e9bite, thrombose, maladie cardiaque r\u00e9cente, infection, inflammation, fracture du pied par exemple, sont contre indiqu\u00e9es)<\/p>\n","protected":false},"excerpt":{"rendered":"<p>&nbsp; La r\u00e9flexologie s\u2019adresse \u00e0 toutes les personnes de tous les \u00e2ges. Pour les enfants, ils doivent \u00eatre accompagn\u00e9s d\u2019un des parents. Le travail est effectu\u00e9 avec le plus grand respect de la personne et la plus grande confidentialit\u00e9. La s\u00e9ance sera adapt\u00e9e \u00e0 chaque personne en fonction de vos besoins. On prendra en compte [&hellip;]<\/p>\n","protected":false},"author":1,"featured_media":0,"parent":6,"menu_order":3,"comment_status":"closed","ping_status":"closed","template":"","meta":{"footnotes":""},"class_list":["post-15","page","type-page","status-publish","hentry"],"_links":{"self":[{"href":"https:\/\/effetpapillonrennes.fr\/index.php?rest_route=\/wp\/v2\/pages\/15"}],"collection":[{"href":"https:\/\/effetpapillonrennes.fr\/index.php?rest_route=\/wp\/v2\/pages"}],"about":[{"href":"https:\/\/effetpapillonrennes.fr\/index.php?rest_route=\/wp\/v2\/types\/page"}],"author":[{"embeddable":true,"href":"https:\/\/effetpapillonrennes.fr\/index.php?rest_route=\/wp\/v2\/users\/1"}],"replies":[{"embeddable":true,"href":"https:\/\/effetpapillonrennes.fr\/index.php?rest_route=%2Fwp%2Fv2%2Fcomments&post=15"}],"version-history":[{"count":4,"href":"https:\/\/effetpapillonrennes.fr\/index.php?rest_route=\/wp\/v2\/pages\/15\/revisions"}],"predecessor-version":[{"id":468,"href":"https:\/\/effetpapillonrennes.fr\/index.php?rest_route=\/wp\/v2\/pages\/15\/revisions\/468"}],"up":[{"embeddable":true,"href":"https:\/\/effetpapillonrennes.fr\/index.php?rest_route=\/wp\/v2\/pages\/6"}],"wp:attachment":[{"href":"https:\/\/effetpapillonrennes.fr\/index.php?rest_route=%2Fwp%2Fv2%2Fmedia&parent=15"}],"curies":[{"name":"wp","href":"https:\/\/api.w.org\/{rel}","templated":true}]}}